{"id":1475,"date":"2017-01-18T16:11:28","date_gmt":"2017-01-18T14:11:28","guid":{"rendered":"http:\/\/www.vainiomaki.com\/?page_id=1475"},"modified":"2021-12-28T13:53:45","modified_gmt":"2021-12-28T11:53:45","slug":"wordpress-sivustot","status":"publish","type":"page","link":"http:\/\/www.vainiomaki.com\/?page_id=1475","title":{"rendered":"WordPress sivustot"},"content":{"rendered":"\n<p>Ymm\u00e4rr\u00e4n HTML- ja CSS-kieli\u00e4, mutta WordPress-sivut teen pluginien avulla. T\u00e4m\u00e4 portfiliokin on WordPressill\u00e4 toteutettu.<\/p>\n\n\n\n<hr class=\"wp-block-separator\"\/>\n\n\n\n<p>Tacticin strategiapelien tuoteryhm\u00e4-sivustot:<\/p>\n\n\n\n<figure class=\"wp-block-gallery columns-2 is-cropped wp-block-gallery-1 is-layout-flex wp-block-gallery-is-layout-flex\"><ul class=\"blocks-gallery-grid\"><li class=\"blocks-gallery-item\"><figure><img loading=\"lazy\" decoding=\"async\" width=\"300\" height=\"270\" src=\"https:\/\/www.vainiomaki.com\/wp-content\/uploads\/2021\/12\/crimescene-300x270.jpg\" alt=\"\" data-id=\"3028\" data-full-url=\"https:\/\/www.vainiomaki.com\/wp-content\/uploads\/2021\/12\/crimescene.jpg\" data-link=\"https:\/\/www.vainiomaki.com\/?attachment_id=3028\" class=\"wp-image-3028\" srcset=\"http:\/\/www.vainiomaki.com\/wp-content\/uploads\/2021\/12\/crimescene-300x270.jpg 300w, http:\/\/www.vainiomaki.com\/wp-content\/uploads\/2021\/12\/crimescene-800x719.jpg 800w, http:\/\/www.vainiomaki.com\/wp-content\/uploads\/2021\/12\/crimescene-768x690.jpg 768w, http:\/\/www.vainiomaki.com\/wp-content\/uploads\/2021\/12\/crimescene-690x620.jpg 690w, http:\/\/www.vainiomaki.com\/wp-content\/uploads\/2021\/12\/crimescene.jpg 896w\" sizes=\"auto, (max-width: 300px) 100vw, 300px\" \/><\/figure><\/li><li class=\"blocks-gallery-item\"><figure><img loading=\"lazy\" decoding=\"async\" width=\"300\" height=\"267\" src=\"https:\/\/www.vainiomaki.com\/wp-content\/uploads\/2021\/12\/gamestormstudio-300x267.jpg\" alt=\"\" data-id=\"3029\" data-full-url=\"https:\/\/www.vainiomaki.com\/wp-content\/uploads\/2021\/12\/gamestormstudio.jpg\" data-link=\"https:\/\/www.vainiomaki.com\/?attachment_id=3029\" class=\"wp-image-3029\" srcset=\"http:\/\/www.vainiomaki.com\/wp-content\/uploads\/2021\/12\/gamestormstudio-300x267.jpg 300w, http:\/\/www.vainiomaki.com\/wp-content\/uploads\/2021\/12\/gamestormstudio-800x711.jpg 800w, http:\/\/www.vainiomaki.com\/wp-content\/uploads\/2021\/12\/gamestormstudio-768x682.jpg 768w, http:\/\/www.vainiomaki.com\/wp-content\/uploads\/2021\/12\/gamestormstudio-690x613.jpg 690w, http:\/\/www.vainiomaki.com\/wp-content\/uploads\/2021\/12\/gamestormstudio-980x871.jpg 980w, http:\/\/www.vainiomaki.com\/wp-content\/uploads\/2021\/12\/gamestormstudio.jpg 1003w\" sizes=\"auto, (max-width: 300px) 100vw, 300px\" \/><\/figure><\/li><\/ul><\/figure>\n\n\n\n<p><a href=\"https:\/\/www.crimescene.net\/\" data-type=\"URL\" data-id=\"https:\/\/www.crimescene.net\/\" target=\"_blank\" rel=\"noreferrer noopener\">www.crimescene.net<\/a><\/p>\n\n\n\n<p><a href=\"https:\/\/www.gamestormstudio.com\/\" data-type=\"URL\" data-id=\"https:\/\/www.gamestormstudio.com\/\" target=\"_blank\" rel=\"noreferrer noopener\">www.gamestormstudio.com<\/a><\/p>\n\n\n\n<hr class=\"wp-block-separator\"\/>\n\n\n\n<p><strong>Puzzlelovers.net -sivusto<\/strong> 2020: tuotanto, graafinen suunnittelu ja toteutus (WordPress-pohjaan).<\/p>\n\n\n\n<figure class=\"wp-block-image\"><a href=\"http:\/\/www.vainiomaki.com\/wp-content\/uploads\/2020\/02\/Puzzlelovers.png\"><img loading=\"lazy\" decoding=\"async\" width=\"300\" height=\"268\" src=\"http:\/\/www.vainiomaki.com\/wp-content\/uploads\/2020\/02\/Puzzlelovers-300x268.png\" alt=\"\" class=\"wp-image-2665\" srcset=\"http:\/\/www.vainiomaki.com\/wp-content\/uploads\/2020\/02\/Puzzlelovers-300x268.png 300w, http:\/\/www.vainiomaki.com\/wp-content\/uploads\/2020\/02\/Puzzlelovers-690x617.png 690w, http:\/\/www.vainiomaki.com\/wp-content\/uploads\/2020\/02\/Puzzlelovers.png 698w\" sizes=\"auto, (max-width: 300px) 100vw, 300px\" \/><\/a><\/figure>\n\n\n\n<p><a href=\"https:\/\/www.puzzlelovers.net\/\" target=\"_blank\" rel=\"noopener noreferrer\">www.puzzlelovers.net<\/a><\/p>\n\n\n\n<hr class=\"wp-block-separator\"\/>\n\n\n\n<p>M\u00f6lkky MM-turnaus2018: tuotanto, graafinen suunnittelu ja toteutus (WordPress-pohjaan).<\/p>\n\n\n\n<figure class=\"wp-block-image\"><img loading=\"lazy\" decoding=\"async\" width=\"300\" height=\"259\" src=\"http:\/\/www.vainiomaki.com\/wp-content\/uploads\/2018\/05\/molkkyfmm_nayttokuva-300x259.png\" alt=\"\" class=\"wp-image-2070\" srcset=\"http:\/\/www.vainiomaki.com\/wp-content\/uploads\/2018\/05\/molkkyfmm_nayttokuva-300x259.png 300w, http:\/\/www.vainiomaki.com\/wp-content\/uploads\/2018\/05\/molkkyfmm_nayttokuva-768x663.png 768w, http:\/\/www.vainiomaki.com\/wp-content\/uploads\/2018\/05\/molkkyfmm_nayttokuva-800x691.png 800w, http:\/\/www.vainiomaki.com\/wp-content\/uploads\/2018\/05\/molkkyfmm_nayttokuva-690x596.png 690w, http:\/\/www.vainiomaki.com\/wp-content\/uploads\/2018\/05\/molkkyfmm_nayttokuva.png 821w\" sizes=\"auto, (max-width: 300px) 100vw, 300px\" \/><\/figure>\n\n\n\n<p>Tapahtumasivusto on suljettu.<\/p>\n\n\n\n<hr class=\"wp-block-separator\"\/>\n\n\n\n<p>Mini Home -sivusto: Sis\u00e4lt\u00f6suunnittelu ja tuotanto&nbsp;(WordPress-pohjaan).<\/p>\n\n\n\n<figure class=\"wp-block-image\"><img loading=\"lazy\" decoding=\"async\" width=\"300\" height=\"259\" src=\"http:\/\/www.vainiomaki.com\/wp-content\/uploads\/2017\/01\/minihome_screen-300x259.jpg\" alt=\"\" class=\"wp-image-1910\" srcset=\"http:\/\/www.vainiomaki.com\/wp-content\/uploads\/2017\/01\/minihome_screen-300x259.jpg 300w, http:\/\/www.vainiomaki.com\/wp-content\/uploads\/2017\/01\/minihome_screen-768x663.jpg 768w, http:\/\/www.vainiomaki.com\/wp-content\/uploads\/2017\/01\/minihome_screen-800x691.jpg 800w, http:\/\/www.vainiomaki.com\/wp-content\/uploads\/2017\/01\/minihome_screen-690x596.jpg 690w, http:\/\/www.vainiomaki.com\/wp-content\/uploads\/2017\/01\/minihome_screen.jpg 821w\" sizes=\"auto, (max-width: 300px) 100vw, 300px\" \/><\/figure>\n\n\n\n<p>Minihome.fi sivusto on suljettu.<\/p>\n\n\n\n<hr class=\"wp-block-separator\"\/>\n\n\n\n<p>Kimblen sivusto Sis\u00e4lt\u00f6suunnittelu ja tuotanto, graafinen suunnittelu ja toteutus (WordPress-pohjaan)<span style=\"color: #808080;\"><br><\/span><\/p>\n\n\n\n<figure class=\"wp-block-image\"><img loading=\"lazy\" decoding=\"async\" width=\"300\" height=\"246\" src=\"http:\/\/www.vainiomaki.com\/wp-content\/uploads\/2017\/01\/uutiskirjeeseen_kimble_fi-300x246.png\" alt=\"\" class=\"wp-image-1483\" srcset=\"http:\/\/www.vainiomaki.com\/wp-content\/uploads\/2017\/01\/uutiskirjeeseen_kimble_fi-300x246.png 300w, http:\/\/www.vainiomaki.com\/wp-content\/uploads\/2017\/01\/uutiskirjeeseen_kimble_fi-690x566.png 690w, http:\/\/www.vainiomaki.com\/wp-content\/uploads\/2017\/01\/uutiskirjeeseen_kimble_fi.png 764w\" sizes=\"auto, (max-width: 300px) 100vw, 300px\" \/><\/figure>\n\n\n\n<p><a href=\"http:\/\/www.tactic.net\/promo\/\" target=\"_blank\" rel=\"noopener noreferrer\">www.kimble.fi<\/a><\/p>\n\n\n\n<hr class=\"wp-block-separator\"\/>\n\n\n\n<p>Tactic Play Club: Graafinen suunnittelu ja toteutus&nbsp;(WordPress-pohjaan)<span style=\"color: #808080;\"><br><\/span><\/p>\n\n\n\n<p><span style=\"color: #808080;\">2 klubia, 3 maata: Englanti, Hollanti ja Ranska<\/span><\/p>\n\n\n\n<figure class=\"wp-block-image\"><img loading=\"lazy\" decoding=\"async\" width=\"800\" height=\"400\" src=\"http:\/\/www.vainiomaki.com\/wp-content\/uploads\/2017\/01\/FB_club_image-800x400.jpg\" alt=\"\" class=\"wp-image-1476\" srcset=\"http:\/\/www.vainiomaki.com\/wp-content\/uploads\/2017\/01\/FB_club_image-800x400.jpg 800w, http:\/\/www.vainiomaki.com\/wp-content\/uploads\/2017\/01\/FB_club_image-300x150.jpg 300w, http:\/\/www.vainiomaki.com\/wp-content\/uploads\/2017\/01\/FB_club_image-768x384.jpg 768w, http:\/\/www.vainiomaki.com\/wp-content\/uploads\/2017\/01\/FB_club_image-690x345.jpg 690w, http:\/\/www.vainiomaki.com\/wp-content\/uploads\/2017\/01\/FB_club_image-980x490.jpg 980w, http:\/\/www.vainiomaki.com\/wp-content\/uploads\/2017\/01\/FB_club_image.jpg 1024w\" sizes=\"auto, (max-width: 800px) 100vw, 800px\" \/><\/figure>\n\n\n\n<p>Play Club -kampanja on p\u00e4\u00e4ttynyt ja sivustot suljettu.<\/p>\n\n\n\n<hr class=\"wp-block-separator\"\/>\n\n\n\n<p>Tactic.net\/promo: Graafinen suunnittelu ja toteutus sek\u00e4 tuotekuvaus. (Toteutus WordPress-pohjaan)<\/p>\n\n\n\n<figure class=\"wp-block-image\"><img loading=\"lazy\" decoding=\"async\" width=\"300\" height=\"262\" src=\"http:\/\/www.vainiomaki.com\/wp-content\/uploads\/2017\/01\/greentoys_sivusto_n\u00e4ytt\u00f6kuva-300x262.jpg\" alt=\"\" class=\"wp-image-1505\" srcset=\"http:\/\/www.vainiomaki.com\/wp-content\/uploads\/2017\/01\/greentoys_sivusto_n\u00e4ytt\u00f6kuva-300x262.jpg 300w, http:\/\/www.vainiomaki.com\/wp-content\/uploads\/2017\/01\/greentoys_sivusto_n\u00e4ytt\u00f6kuva-768x671.jpg 768w, http:\/\/www.vainiomaki.com\/wp-content\/uploads\/2017\/01\/greentoys_sivusto_n\u00e4ytt\u00f6kuva-800x699.jpg 800w, http:\/\/www.vainiomaki.com\/wp-content\/uploads\/2017\/01\/greentoys_sivusto_n\u00e4ytt\u00f6kuva-690x603.jpg 690w, http:\/\/www.vainiomaki.com\/wp-content\/uploads\/2017\/01\/greentoys_sivusto_n\u00e4ytt\u00f6kuva.jpg 811w\" sizes=\"auto, (max-width: 300px) 100vw, 300px\" \/><\/figure>\n\n\n\n<p><a href=\"http:\/\/www.tactic.net\/promo\/\" target=\"_blank\" rel=\"noopener noreferrer\">www.tactic.net\/promo<\/a><\/p>\n\n\n\n<hr class=\"wp-block-separator\"\/>\n\n\n\n<p>Molkky.com: Sis\u00e4lt\u00f6suunnittelu, graafinen suunnittelu ja toteutus (WordPress-pohjaan).<\/p>\n\n\n\n<figure class=\"wp-block-image\"><img loading=\"lazy\" decoding=\"async\" width=\"300\" height=\"262\" src=\"http:\/\/www.vainiomaki.com\/wp-content\/uploads\/2017\/01\/m\u00f6lkky_sivusto_n\u00e4ytt\u00f6kuva-300x262.png\" alt=\"\" class=\"wp-image-1485\" srcset=\"http:\/\/www.vainiomaki.com\/wp-content\/uploads\/2017\/01\/m\u00f6lkky_sivusto_n\u00e4ytt\u00f6kuva-300x262.png 300w, http:\/\/www.vainiomaki.com\/wp-content\/uploads\/2017\/01\/m\u00f6lkky_sivusto_n\u00e4ytt\u00f6kuva-768x671.png 768w, http:\/\/www.vainiomaki.com\/wp-content\/uploads\/2017\/01\/m\u00f6lkky_sivusto_n\u00e4ytt\u00f6kuva-800x699.png 800w, http:\/\/www.vainiomaki.com\/wp-content\/uploads\/2017\/01\/m\u00f6lkky_sivusto_n\u00e4ytt\u00f6kuva-690x603.png 690w, http:\/\/www.vainiomaki.com\/wp-content\/uploads\/2017\/01\/m\u00f6lkky_sivusto_n\u00e4ytt\u00f6kuva.png 896w\" sizes=\"auto, (max-width: 300px) 100vw, 300px\" \/><\/figure>\n\n\n\n<p><a href=\"http:\/\/molkky.com\/\" target=\"_blank\" rel=\"noopener noreferrer\">www.molkky.com<\/a><\/p>\n\n\n\n<hr class=\"wp-block-separator\"\/>\n\n\n\n<p>Lelutehdas.fi: Sis\u00e4lt\u00f6suunnittelu ja tuotanto, graafinen suunnittelu ja toteutus (WordPress-pohjaan).<\/p>\n\n\n\n<figure class=\"wp-block-image\"><a href=\"http:\/\/www.vainiomaki.com\/wp-content\/uploads\/2021\/01\/lelutehdas.png\"><img loading=\"lazy\" decoding=\"async\" width=\"300\" height=\"266\" src=\"http:\/\/www.vainiomaki.com\/wp-content\/uploads\/2021\/01\/lelutehdas-300x266.png\" alt=\"\" class=\"wp-image-3011\" srcset=\"http:\/\/www.vainiomaki.com\/wp-content\/uploads\/2021\/01\/lelutehdas-300x266.png 300w, http:\/\/www.vainiomaki.com\/wp-content\/uploads\/2021\/01\/lelutehdas-690x613.png 690w, http:\/\/www.vainiomaki.com\/wp-content\/uploads\/2021\/01\/lelutehdas.png 696w\" sizes=\"auto, (max-width: 300px) 100vw, 300px\" \/><\/a><\/figure>\n\n\n\n<p><a href=\"http:\/\/www.lelutehdas.fi\/\" target=\"_blank\" rel=\"noopener noreferrer\">www.lelutehdas.fi<\/a><\/p>\n\n\n\n<hr class=\"wp-block-separator\"\/>\n\n\n\n<p>Greentoys.fi: Sis\u00e4lt\u00f6suunnittelu ja tuotanto, graafinen suunnittelu ja toteutus&nbsp;(WordPress-pohjaan).<\/p>\n\n\n\n<figure class=\"wp-block-image\"><img loading=\"lazy\" decoding=\"async\" width=\"300\" height=\"262\" src=\"http:\/\/www.vainiomaki.com\/wp-content\/uploads\/2016\/07\/GT_blogi-300x262.jpg\" alt=\"\" class=\"wp-image-1182\" srcset=\"http:\/\/www.vainiomaki.com\/wp-content\/uploads\/2016\/07\/GT_blogi-300x262.jpg 300w, http:\/\/www.vainiomaki.com\/wp-content\/uploads\/2016\/07\/GT_blogi-768x670.jpg 768w, http:\/\/www.vainiomaki.com\/wp-content\/uploads\/2016\/07\/GT_blogi-800x698.jpg 800w, http:\/\/www.vainiomaki.com\/wp-content\/uploads\/2016\/07\/GT_blogi-690x602.jpg 690w, http:\/\/www.vainiomaki.com\/wp-content\/uploads\/2016\/07\/GT_blogi.jpg 813w\" sizes=\"auto, (max-width: 300px) 100vw, 300px\" \/><\/figure>\n\n\n\n<p>Tuoteryhm\u00e4 poistui valikoimista ja sivusto suljettu.<\/p>\n","protected":false},"excerpt":{"rendered":"<p>Ymm\u00e4rr\u00e4n HTML- ja CSS-kieli\u00e4, mutta WordPress-sivut teen pluginien avulla. T\u00e4m\u00e4 portfiliokin on WordPressill\u00e4 toteutettu. Tacticin strategiapelien tuoteryhm\u00e4-sivustot: www.crimescene.net www.gamestormstudio.com Puzzlelovers.net -sivusto 2020: tuotanto, graafinen suunnittelu ja toteutus (WordPress-pohjaan). www.puzzlelovers.net M\u00f6lkky MM-turnaus2018: tuotanto, graafinen suunnittelu ja toteutus (WordPress-pohjaan). Tapahtumasivusto on suljettu. Mini Home -sivusto: Sis\u00e4lt\u00f6suunnittelu ja tuotanto&nbsp;(WordPress-pohjaan). Minihome.fi sivusto on suljettu. Kimblen sivusto Sis\u00e4lt\u00f6suunnittelu ja tuotanto, [&hellip;]<\/p>\n","protected":false},"author":1,"featured_media":0,"parent":0,"menu_order":0,"comment_status":"closed","ping_status":"closed","template":"templates\/full-width-page.php","meta":{"footnotes":""},"class_list":["post-1475","page","type-page","status-publish","hentry"],"_links":{"self":[{"href":"http:\/\/www.vainiomaki.com\/index.php?rest_route=\/wp\/v2\/pages\/1475","targetHints":{"allow":["GET"]}}],"collection":[{"href":"http:\/\/www.vainiomaki.com\/index.php?rest_route=\/wp\/v2\/pages"}],"about":[{"href":"http:\/\/www.vainiomaki.com\/index.php?rest_route=\/wp\/v2\/types\/page"}],"author":[{"embeddable":true,"href":"http:\/\/www.vainiomaki.com\/index.php?rest_route=\/wp\/v2\/users\/1"}],"replies":[{"embeddable":true,"href":"http:\/\/www.vainiomaki.com\/index.php?rest_route=%2Fwp%2Fv2%2Fcomments&post=1475"}],"version-history":[{"count":23,"href":"http:\/\/www.vainiomaki.com\/index.php?rest_route=\/wp\/v2\/pages\/1475\/revisions"}],"predecessor-version":[{"id":3032,"href":"http:\/\/www.vainiomaki.com\/index.php?rest_route=\/wp\/v2\/pages\/1475\/revisions\/3032"}],"wp:attachment":[{"href":"http:\/\/www.vainiomaki.com\/index.php?rest_route=%2Fwp%2Fv2%2Fmedia&parent=1475"}],"curies":[{"name":"wp","href":"https:\/\/api.w.org\/{rel}","templated":true}]}}