{"id":2594,"date":"2018-09-26T18:40:21","date_gmt":"2018-09-26T15:40:21","guid":{"rendered":"http:\/\/www.vainiomaki.com\/?page_id=2594"},"modified":"2020-04-30T08:35:30","modified_gmt":"2020-04-30T05:35:30","slug":"graafinen-suunnittelu","status":"publish","type":"page","link":"http:\/\/www.vainiomaki.com\/?page_id=2594","title":{"rendered":"Graafinen suunnittelu"},"content":{"rendered":"<p>K\u00e4denj\u00e4lkeni taipuu moneen ja tuotan ketter\u00e4sti erilaisia graafisia tyylej\u00e4. En pelk\u00e4\u00e4 k\u00e4ytt\u00e4\u00e4 v\u00e4rej\u00e4. Yhdist\u00e4m\u00e4ll\u00e4 valokuvaa ja 3D-mallinnoksia saa visuaalisiin ilmeisiin tehokasta syvyytt\u00e4.<\/p>\n\n\n<div style=\"height:20px\" aria-hidden=\"true\" class=\"wp-block-spacer\"><\/div>\n\n\n<style type=\"text\/css\" scoped>.rbs_gallery_69f4dac080b29Spinner{\r\n\t\t\t\tmargin: 50px auto;\r\n\t\t\t\twidth: 50px;\r\n\t\t\t\theight: 40px;\r\n\t\t\t\ttext-align: center;\r\n\t\t\t\tfont-size: 10px;\r\n\t\t\t}\r\n\t\t\t.rbs_gallery_69f4dac080b29Spinner > div{\r\n\t\t\t  background-color: #333;\r\n\t\t\t  height: 100%;\r\n\t\t\t  width: 6px;\r\n\t\t\t  display: inline-block;\r\n\t\t\t  -webkit-animation: rbs_gallery_69f4dac080b29-stretchdelay 1.2s infinite ease-in-out;\r\n\t\t\t  animation: rbs_gallery_69f4dac080b29-stretchdelay 1.2s infinite ease-in-out;\r\n\t\t\t}\r\n\t\t\t.rbs_gallery_69f4dac080b29Spinner .rbs_gallery_69f4dac080b29Rect2 {\r\n\t\t\t  -webkit-animation-delay: -1.1s;\r\n\t\t\t  animation-delay: -1.1s;\r\n\t\t\t}\r\n\t\t\t.rbs_gallery_69f4dac080b29Spinner .rbs_gallery_69f4dac080b29Rect3 {\r\n\t\t\t  -webkit-animation-delay: -1.0s;\r\n\t\t\t  animation-delay: -1.0s;\r\n\t\t\t}\r\n\t\t\t.rbs_gallery_69f4dac080b29Spinner .rbs_gallery_69f4dac080b29Rect4 {\r\n\t\t\t  -webkit-animation-delay: -0.9s;\r\n\t\t\t  animation-delay: -0.9s;\r\n\t\t\t}\r\n\t\t\t.rbs_gallery_69f4dac080b29Spinner .rbs_gallery_69f4dac080b29Rect5 {\r\n\t\t\t  -webkit-animation-delay: -0.8s;\r\n\t\t\t  animation-delay: -0.8s;\r\n\t\t\t}\r\n\t\t\t@-webkit-keyframes rbs_gallery_69f4dac080b29-stretchdelay {\r\n\t\t\t  0%, 40%, 100% { -webkit-transform: scaleY(0.4) }  \r\n\t\t\t  20% { -webkit-transform: scaleY(1.0) }\r\n\t\t\t}\r\n\t\t\t@keyframes rbs_gallery_69f4dac080b29-stretchdelay {\r\n\t\t\t  0%, 40%, 100% { \r\n\t\t\t    transform: scaleY(0.4);\r\n\t\t\t    -webkit-transform: scaleY(0.4);\r\n\t\t\t  }  20% { \r\n\t\t\t    transform: scaleY(1.0);\r\n\t\t\t    -webkit-transform: scaleY(1.0);\r\n\t\t\t  }\r\n\t\t\t}\r\n\t\t<\/style><div class=\"robo-gallery-wrap robo-gallery-wrap-id2596 robo-gallery-\" ><div id=\"rbs_gallery_69f4dac080b29-block-loader\" class=\"rbs_gallery_69f4dac080b29Spinner\"><div class=\"rbs_gallery_69f4dac080b29Rect1\"><\/div> <div class=\"rbs_gallery_69f4dac080b29Rect2\"><\/div> <div class=\"rbs_gallery_69f4dac080b29Rect3\"><\/div> <div class=\"rbs_gallery_69f4dac080b29Rect4\"><\/div> <div class=\"rbs_gallery_69f4dac080b29Rect5\"><\/div><\/div><div id=\"robo_gallery_main_block_rbs_gallery_69f4dac080b29\" class=\"robogallery-gallery-2596\" style=\"width:100%;  display: none;\"><div id=\"rbs_gallery_69f4dac080b29\" data-options=\"rbs_gallery_69f4dac080b29\" style=\"width:100%;\" class=\"robo_gallery  \"><div class=\"rbs-img  category2596 \" ><div class=\"rbs-img-image   rbs-lightbox \" ><div class=\"rbs-img-thumbs\"  data-thumbnail=\"http:\/\/www.vainiomaki.com\/wp-content\/uploads\/2022\/02\/webbanners_PL_1248x312px-289x300.png\"  title=\"webbanners_PL_1248x312px\"  data-width=\"289\"  data-height=\"300\" ><\/div><div class=\"rbs-img-data-popup\"  data-popup=\"http:\/\/www.vainiomaki.com\/wp-content\/uploads\/2022\/02\/webbanners_PL_1248x312px.png\"  title=\"webbanners_PL_1248x312px\" ><\/div><div class=\"thumbnail-overlay\"><\/div><\/div><\/div><div class=\"rbs-img  category2596 \" ><div class=\"rbs-img-image   rbs-lightbox \" ><div class=\"rbs-img-thumbs\"  data-thumbnail=\"http:\/\/www.vainiomaki.com\/wp-content\/uploads\/2020\/04\/comicstrip_ninjarush_FI-212x300.png\"  title=\"comicstrip_ninjarush_FI\"  data-width=\"212\"  data-height=\"300\" ><\/div><div class=\"rbs-img-data-popup\"  data-popup=\"http:\/\/www.vainiomaki.com\/wp-content\/uploads\/2020\/04\/comicstrip_ninjarush_FI.png\"  title=\"comicstrip_ninjarush_FI\" ><\/div><div class=\"thumbnail-overlay\"><\/div><\/div><\/div><div class=\"rbs-img  category2596 \" ><div class=\"rbs-img-image   rbs-lightbox \" ><div class=\"rbs-img-thumbs\"  data-thumbnail=\"http:\/\/www.vainiomaki.com\/wp-content\/uploads\/2017\/01\/ap_hinnasto-212x300.jpg\"  title=\"ap_hinnasto\"  data-width=\"212\"  data-height=\"300\" ><\/div><div class=\"rbs-img-data-popup\"  data-popup=\"http:\/\/www.vainiomaki.com\/wp-content\/uploads\/2017\/01\/ap_hinnasto.jpg\"  title=\"ap_hinnasto\" ><\/div><div class=\"thumbnail-overlay\"><\/div><\/div><\/div><div class=\"rbs-img  category2596 \" ><div class=\"rbs-img-image   rbs-lightbox \" ><div class=\"rbs-img-thumbs\"  data-thumbnail=\"http:\/\/www.vainiomaki.com\/wp-content\/uploads\/2020\/04\/Come_and_play_juliste_260118-211x300.png\"  title=\"Come_and_play_juliste_260118\"  data-width=\"211\"  data-height=\"300\" ><\/div><div class=\"rbs-img-data-popup\"  data-popup=\"http:\/\/www.vainiomaki.com\/wp-content\/uploads\/2020\/04\/Come_and_play_juliste_260118.png\"  title=\"Come_and_play_juliste_260118\" ><\/div><div class=\"thumbnail-overlay\"><\/div><\/div><\/div><div class=\"rbs-img  category2596 \" ><div class=\"rbs-img-image   rbs-lightbox \" ><div class=\"rbs-img-thumbs\"  data-thumbnail=\"http:\/\/www.vainiomaki.com\/wp-content\/uploads\/2020\/04\/Lumostars_toyworld_advert_2018_UK-230x300.png\"  title=\"Lumostars_toyworld_advert_2018_UK\"  data-width=\"230\"  data-height=\"300\" ><\/div><div class=\"rbs-img-data-popup\"  data-popup=\"http:\/\/www.vainiomaki.com\/wp-content\/uploads\/2020\/04\/Lumostars_toyworld_advert_2018_UK.png\"  title=\"Lumostars_toyworld_advert_2018_UK\" ><\/div><div class=\"thumbnail-overlay\"><\/div><\/div><\/div><div class=\"rbs-img  category2596 \" ><div class=\"rbs-img-image   rbs-lightbox \" ><div class=\"rbs-img-thumbs\"  data-thumbnail=\"http:\/\/www.vainiomaki.com\/wp-content\/uploads\/2016\/07\/facebook_competititon_molkky-300x300.png\"  title=\"facebook_competititon_molkky\"  data-width=\"300\"  data-height=\"300\" ><\/div><div class=\"rbs-img-data-popup\"  data-popup=\"http:\/\/www.vainiomaki.com\/wp-content\/uploads\/2016\/07\/facebook_competititon_molkky.png\"  title=\"facebook_competititon_molkky\" ><\/div><div class=\"thumbnail-overlay\"><\/div><\/div><\/div><div class=\"rbs-img  category2596 \" ><div class=\"rbs-img-image   rbs-lightbox \" ><div class=\"rbs-img-thumbs\"  data-thumbnail=\"http:\/\/www.vainiomaki.com\/wp-content\/uploads\/2020\/04\/Lainaamolkky-py\u00f6r\u00e4_A4jullari_UK-212x300.png\"  title=\"Lainaamolkky-py\u00f6r\u00e4_A4jullari_UK\"  data-width=\"212\"  data-height=\"300\" ><\/div><div class=\"rbs-img-data-popup\"  data-popup=\"http:\/\/www.vainiomaki.com\/wp-content\/uploads\/2020\/04\/Lainaamolkky-py\u00f6r\u00e4_A4jullari_UK.png\"  title=\"Lainaamolkky-py\u00f6r\u00e4_A4jullari_UK\" ><\/div><div class=\"thumbnail-overlay\"><\/div><\/div><\/div><div class=\"rbs-img  category2596 \" ><div class=\"rbs-img-image   rbs-lightbox \" ><div class=\"rbs-img-thumbs\"  data-thumbnail=\"http:\/\/www.vainiomaki.com\/wp-content\/uploads\/2018\/09\/MolkkyMM_applikaatio2-169x300.jpg\"  title=\"MolkkyMM_applikaatio2\"  data-width=\"169\"  data-height=\"300\" ><\/div><div class=\"rbs-img-data-popup\"  data-popup=\"http:\/\/www.vainiomaki.com\/wp-content\/uploads\/2018\/09\/MolkkyMM_applikaatio2.jpg\"  title=\"MolkkyMM_applikaatio2\" ><\/div><div class=\"thumbnail-overlay\"><\/div><\/div><\/div><div class=\"rbs-img  category2596 \" ><div class=\"rbs-img-image   rbs-lightbox \" ><div class=\"rbs-img-thumbs\"  data-thumbnail=\"http:\/\/www.vainiomaki.com\/wp-content\/uploads\/2017\/05\/publishing_kirjanmerkit-300x229.jpg\"  title=\"publishing_kirjanmerkit\"  data-width=\"300\"  data-height=\"229\" ><\/div><div class=\"rbs-img-data-popup\"  data-popup=\"http:\/\/www.vainiomaki.com\/wp-content\/uploads\/2017\/05\/publishing_kirjanmerkit.jpg\"  title=\"publishing_kirjanmerkit\" ><\/div><div class=\"thumbnail-overlay\"><\/div><\/div><\/div><div class=\"rbs-img  category2596 \" ><div class=\"rbs-img-image   rbs-lightbox \" ><div class=\"rbs-img-thumbs\"  data-thumbnail=\"http:\/\/www.vainiomaki.com\/wp-content\/uploads\/2016\/07\/M\u00f6lkky_score_tracker_banner-800x480-1-300x180.jpg\"  title=\"M\u00f6lkky_score_tracker_banner-800x480\"  data-width=\"300\"  data-height=\"180\" ><\/div><div class=\"rbs-img-data-popup\"  data-popup=\"http:\/\/www.vainiomaki.com\/wp-content\/uploads\/2016\/07\/M\u00f6lkky_score_tracker_banner-800x480-1.jpg\"  title=\"M\u00f6lkky_score_tracker_banner-800x480\" ><\/div><div class=\"thumbnail-overlay\"><\/div><\/div><\/div><div class=\"rbs-img  category2596 \" ><div class=\"rbs-img-image   rbs-lightbox \" ><div class=\"rbs-img-thumbs\"  data-thumbnail=\"http:\/\/www.vainiomaki.com\/wp-content\/uploads\/2016\/07\/molkky_katalogi-300x200.jpg\"  title=\"molkky_katalogi\"  data-width=\"300\"  data-height=\"200\" ><\/div><div class=\"rbs-img-data-popup\"  data-popup=\"http:\/\/www.vainiomaki.com\/wp-content\/uploads\/2016\/07\/molkky_katalogi.jpg\"  title=\"molkky_katalogi\" ><\/div><div class=\"thumbnail-overlay\"><\/div><\/div><\/div><div class=\"rbs-img  category2596 \" ><div class=\"rbs-img-image   rbs-lightbox \" ><div class=\"rbs-img-thumbs\"  data-thumbnail=\"http:\/\/www.vainiomaki.com\/wp-content\/uploads\/2017\/05\/kimble_postikortit_nappulat_1-300x204.jpg\"  title=\"kimble_postikortit_nappulat_1\"  data-width=\"300\"  data-height=\"204\" ><\/div><div class=\"rbs-img-data-popup\"  data-popup=\"http:\/\/www.vainiomaki.com\/wp-content\/uploads\/2017\/05\/kimble_postikortit_nappulat_1.jpg\"  title=\"kimble_postikortit_nappulat_1\" ><\/div><div class=\"thumbnail-overlay\"><\/div><\/div><\/div><div class=\"rbs-img  category2596 \" ><div class=\"rbs-img-image   rbs-lightbox \" ><div class=\"rbs-img-thumbs\"  data-thumbnail=\"http:\/\/www.vainiomaki.com\/wp-content\/uploads\/2017\/05\/Kimble_turnaus_juliste-212x300.jpg\"  title=\"Kimble_turnaus_juliste\"  data-width=\"212\"  data-height=\"300\" ><\/div><div class=\"rbs-img-data-popup\"  data-popup=\"http:\/\/www.vainiomaki.com\/wp-content\/uploads\/2017\/05\/Kimble_turnaus_juliste.jpg\"  title=\"Kimble_turnaus_juliste\" ><\/div><div class=\"thumbnail-overlay\"><\/div><\/div><\/div><div class=\"rbs-img  category2596 \" ><div class=\"rbs-img-image   rbs-lightbox \" ><div class=\"rbs-img-thumbs\"  data-thumbnail=\"http:\/\/www.vainiomaki.com\/wp-content\/uploads\/2018\/07\/kimble_fi_banneri-300x111.jpg\"  title=\"kimble_fi_banneri\"  data-width=\"300\"  data-height=\"111\" ><\/div><div class=\"rbs-img-data-popup\"  data-popup=\"http:\/\/www.vainiomaki.com\/wp-content\/uploads\/2018\/07\/kimble_fi_banneri.jpg\"  title=\"kimble_fi_banneri\" ><\/div><div class=\"thumbnail-overlay\"><\/div><\/div><\/div><div class=\"rbs-img  category2596 \" ><div class=\"rbs-img-image   rbs-lightbox \" ><div class=\"rbs-img-thumbs\"  data-thumbnail=\"http:\/\/www.vainiomaki.com\/wp-content\/uploads\/2014\/06\/liesikiesi_6-300x111.jpg\"  title=\"Kiesin Facebanneri\"  data-width=\"300\"  data-height=\"111\" ><\/div><div class=\"rbs-img-data-popup\"  data-popup=\"http:\/\/www.vainiomaki.com\/wp-content\/uploads\/2014\/06\/liesikiesi_6.jpg\"  title=\"Kiesin Facebanneri\" ><\/div><div class=\"thumbnail-overlay\"><\/div><\/div><\/div><div class=\"rbs-img  category2596 \" ><div class=\"rbs-img-image   rbs-lightbox \" ><div class=\"rbs-img-thumbs\"  data-thumbnail=\"http:\/\/www.vainiomaki.com\/wp-content\/uploads\/2014\/06\/liesikiesi_3-166x300.jpg\"  title=\"Kiesin menu\"  data-width=\"166\"  data-height=\"300\" ><\/div><div class=\"rbs-img-data-popup\"  data-popup=\"http:\/\/www.vainiomaki.com\/wp-content\/uploads\/2014\/06\/liesikiesi_3.jpg\"  title=\"Kiesin menu\" ><\/div><div class=\"thumbnail-overlay\"><\/div><\/div><\/div><div class=\"rbs-img  category2596 \" ><div class=\"rbs-img-image   rbs-lightbox \" ><div class=\"rbs-img-thumbs\"  data-thumbnail=\"http:\/\/www.vainiomaki.com\/wp-content\/uploads\/2014\/06\/pienet_suuret_lomakepohja-300x212.jpg\"  title=\"pienet_suuret_lomakepohja\"  data-width=\"300\"  data-height=\"212\" ><\/div><div class=\"rbs-img-data-popup\"  data-popup=\"http:\/\/www.vainiomaki.com\/wp-content\/uploads\/2014\/06\/pienet_suuret_lomakepohja.jpg\"  title=\"pienet_suuret_lomakepohja\" ><\/div><div class=\"thumbnail-overlay\"><\/div><\/div><\/div><div class=\"rbs-img  category2596 \" ><div class=\"rbs-img-image   rbs-lightbox \" ><div class=\"rbs-img-thumbs\"  data-thumbnail=\"http:\/\/www.vainiomaki.com\/wp-content\/uploads\/2014\/06\/rolld6_mainos-212x300.jpg\"  title=\"Roll D6 - Ropecon - ohjelmalehden takakansi\"  data-width=\"212\"  data-height=\"300\" ><\/div><div class=\"rbs-img-data-popup\"  data-popup=\"http:\/\/www.vainiomaki.com\/wp-content\/uploads\/2014\/06\/rolld6_mainos.jpg\"  title=\"Roll D6 - Ropecon - ohjelmalehden takakansi\" ><\/div><div class=\"thumbnail-overlay\"><\/div><\/div><\/div><div class=\"rbs-img  category2596 \" ><div class=\"rbs-img-image   rbs-lightbox \" ><div class=\"rbs-img-thumbs\"  data-thumbnail=\"http:\/\/www.vainiomaki.com\/wp-content\/uploads\/2014\/06\/banneri_lehtijutut-300x129.jpg\"  title=\"RollD6 nettisivubanneri\"  data-width=\"300\"  data-height=\"129\" ><\/div><div class=\"rbs-img-data-popup\"  data-popup=\"http:\/\/www.vainiomaki.com\/wp-content\/uploads\/2014\/06\/banneri_lehtijutut.jpg\"  title=\"RollD6 nettisivubanneri\" ><\/div><div class=\"thumbnail-overlay\"><\/div><\/div><\/div><div class=\"rbs-img  category2596 \" ><div class=\"rbs-img-image   rbs-lightbox \" ><div class=\"rbs-img-thumbs\"  data-thumbnail=\"http:\/\/www.vainiomaki.com\/wp-content\/uploads\/2014\/08\/streches_player_boards_green_lock-1-195x300.jpg\"  title=\"streches_player_boards_green_lock\"  data-width=\"195\"  data-height=\"300\" ><\/div><div class=\"rbs-img-data-popup\"  data-popup=\"http:\/\/www.vainiomaki.com\/wp-content\/uploads\/2014\/08\/streches_player_boards_green_lock-1.jpg\"  title=\"streches_player_boards_green_lock\" ><\/div><div class=\"thumbnail-overlay\"><\/div><\/div><\/div><div class=\"rbs-img  category2596 \" ><div class=\"rbs-img-image   rbs-lightbox \" ><div class=\"rbs-img-thumbs\"  data-thumbnail=\"http:\/\/www.vainiomaki.com\/wp-content\/uploads\/2014\/06\/banneri_louhi_1-300x85.jpg\"  title=\"Louhi Networks Oy nettisivubanneri\"  data-width=\"300\"  data-height=\"85\" ><\/div><div class=\"rbs-img-data-popup\"  data-popup=\"http:\/\/www.vainiomaki.com\/wp-content\/uploads\/2014\/06\/banneri_louhi_1.jpg\"  title=\"Louhi Networks Oy nettisivubanneri\" ><\/div><div class=\"thumbnail-overlay\"><\/div><\/div><\/div><div class=\"rbs-img  category2596 \" ><div class=\"rbs-img-image   rbs-lightbox \" ><div class=\"rbs-img-thumbs\"  data-thumbnail=\"http:\/\/www.vainiomaki.com\/wp-content\/uploads\/2014\/06\/banneri_kyoto-300x169.jpg\"  title=\"Kyoto Protocol Kickstarter banneri\"  data-width=\"300\"  data-height=\"169\" ><\/div><div class=\"rbs-img-data-popup\"  data-popup=\"http:\/\/www.vainiomaki.com\/wp-content\/uploads\/2014\/06\/banneri_kyoto.jpg\"  title=\"Kyoto Protocol Kickstarter banneri\" ><\/div><div class=\"thumbnail-overlay\"><\/div><\/div><\/div><div class=\"rbs-img  category2596 \" ><div class=\"rbs-img-image   rbs-lightbox \" ><div class=\"rbs-img-thumbs\"  data-thumbnail=\"http:\/\/www.vainiomaki.com\/wp-content\/uploads\/2014\/07\/kyoto_saannot-300x221.jpg\"  title=\"Kyoto Protocol -s\u00e4\u00e4nn\u00f6t aukeama\"  data-width=\"300\"  data-height=\"221\" ><\/div><div class=\"rbs-img-data-popup\"  data-popup=\"http:\/\/www.vainiomaki.com\/wp-content\/uploads\/2014\/07\/kyoto_saannot.jpg\"  title=\"Kyoto Protocol -s\u00e4\u00e4nn\u00f6t aukeama\" ><\/div><div class=\"thumbnail-overlay\"><\/div><\/div><\/div><div class=\"rbs-img  category2596 \" ><div class=\"rbs-img-image   rbs-lightbox \" ><div class=\"rbs-img-thumbs\"  data-thumbnail=\"http:\/\/www.vainiomaki.com\/wp-content\/uploads\/2014\/06\/pilvi_yatzy_box_top-239x300.jpg\"  title=\"Print\"  data-width=\"239\"  data-height=\"300\" ><\/div><div class=\"rbs-img-data-popup\"  data-popup=\"http:\/\/www.vainiomaki.com\/wp-content\/uploads\/2014\/06\/pilvi_yatzy_box_top.jpg\"  title=\"Print\" ><\/div><div class=\"thumbnail-overlay\"><\/div><\/div><\/div><\/div><\/div><\/div><script>var rbs_gallery_69f4dac080b29 = {\"version\":\"3.2.24\",\"id\":2596,\"class\":\"id2596\",\"roboGalleryDelay\":1000,\"mainContainer\":\"#robo_gallery_main_block_rbs_gallery_69f4dac080b29\",\"loadingContainer\":\"#rbs_gallery_69f4dac080b29-block-loader\",\"loadingContainerObj\":\"rbs_gallery_69f4dac080b29-block-loader\",\"columnWidth\":\"auto\",\"columns\":3,\"resolutions\":[{\"columnWidth\":\"auto\",\"columns\":3,\"maxWidth\":960},{\"columnWidth\":\"auto\",\"columns\":2,\"maxWidth\":650},{\"columnWidth\":\"auto\",\"columns\":1,\"maxWidth\":450}],\"lightboxOptions\":{\"gallery\":{\"enabled\":true,\"tCounter\":\"%curr% of %total%\"},\"image\":{\"verticalFit\":true},\"mainClass\":\"my-mfp-slide-bottom mfp-img-mobile\"},\"overlayEffect\":\"direction-aware-fade\",\"boxesToLoadStart\":12,\"boxesToLoad\":8,\"waitUntilThumbLoads\":1,\"LoadingWord\":\"Pieni hetki...\",\"loadMoreWord\":\"Lataa lis\\u00e4\\u00e4\",\"noMoreEntriesWord\":\"Kuvat p\\u00e4\\u00e4ttyv\\u00e4t\",\"horizontalSpaceBetweenBoxes\":15,\"verticalSpaceBetweenBoxes\":15,\"lazyLoad\":0,\"wrapContainer\":\"#robo-gallery-wrap-rbs_gallery_69f4dac080b29\"};<\/script>","protected":false},"excerpt":{"rendered":"<p>K\u00e4denj\u00e4lkeni taipuu moneen ja tuotan ketter\u00e4sti erilaisia graafisia tyylej\u00e4. En pelk\u00e4\u00e4 k\u00e4ytt\u00e4\u00e4 v\u00e4rej\u00e4. Yhdist\u00e4m\u00e4ll\u00e4 valokuvaa ja 3D-mallinnoksia saa visuaalisiin ilmeisiin tehokasta syvyytt\u00e4.<\/p>\n","protected":false},"author":1,"featured_media":0,"parent":0,"menu_order":0,"comment_status":"closed","ping_status":"closed","template":"","meta":{"footnotes":""},"class_list":["post-2594","page","type-page","status-publish","hentry"],"_links":{"self":[{"href":"http:\/\/www.vainiomaki.com\/index.php?rest_route=\/wp\/v2\/pages\/2594","targetHints":{"allow":["GET"]}}],"collection":[{"href":"http:\/\/www.vainiomaki.com\/index.php?rest_route=\/wp\/v2\/pages"}],"about":[{"href":"http:\/\/www.vainiomaki.com\/index.php?rest_route=\/wp\/v2\/types\/page"}],"author":[{"embeddable":true,"href":"http:\/\/www.vainiomaki.com\/index.php?rest_route=\/wp\/v2\/users\/1"}],"replies":[{"embeddable":true,"href":"http:\/\/www.vainiomaki.com\/index.php?rest_route=%2Fwp%2Fv2%2Fcomments&post=2594"}],"version-history":[{"count":5,"href":"http:\/\/www.vainiomaki.com\/index.php?rest_route=\/wp\/v2\/pages\/2594\/revisions"}],"predecessor-version":[{"id":2871,"href":"http:\/\/www.vainiomaki.com\/index.php?rest_route=\/wp\/v2\/pages\/2594\/revisions\/2871"}],"wp:attachment":[{"href":"http:\/\/www.vainiomaki.com\/index.php?rest_route=%2Fwp%2Fv2%2Fmedia&parent=2594"}],"curies":[{"name":"wp","href":"https:\/\/api.w.org\/{rel}","templated":true}]}}